t of 13439141?
1
What is the units digit of 6093283918?
8
What is the ten thousands digit of 37995180?
9
What is the units digit of 2534706029?
9
What is the hundreds digit of 1989022480?
4
What is the thousands digit of 4562062293?
2
What is the millions digit of 5264715811?
4
What is the hundred millions digit of 106526379?
1
What is the hundred millions digit of 3400917665?
4
What is the hundreds digit of 7399327173?
1
What is the hundreds digit of 369775489?
4
What is the hundreds digit of 3948537875?
8
What is the units digit of 3828911496?
6
What is the thousands digit of 1554318004?
8
What is the ten millions digit of 96084731?
9
What is the ten millions digit of 439655867?
3
What is the ten thousands digit of 553556813?
5
What is the ten millions digit of 21086943?
2
What is the units digit of 4557130653?
3
What is the hundred thousands digit of 3020814880?
8
What is the thousands digit of 620583038?
3
What is the ten millions digit of 6723950416?
2
What is the hundreds digit of 200077951?
9
What is the units digit of 7508292158?
8
What is the hundred millions digit of 3551439393?
5
What is the millions digit of 173657089?
3
What is the hundreds digit of 31949764?
7
What is the tens digit of 225607638?
3
What is the hundred millions digit of 459071704?
4
What is the hundreds digit of 244814394?
3
What is the units digit of 73840745?
5
What is the hundred thousands digit of 224433488?
4
What is the tens digit of 109731405?
0
What is the hundred millions digit of 145877732?
1
What is the millions digit of 596984127?
6
What is the hundreds digit of 392793533?
5
What is the ten thousands digit of 21461768?
6
What is the tens digit of 134503865?
6
What is the thousands digit of 187778720?
8
What is the hundred thousands digit of 1138980135?
9
What is the ten thousands digit of 642815459?
1
What is the hundreds digit of 1539721824?
8
What is the thousands digit of 1443301560?
1
What is the ten millions digit of 444194109?
4
What is the thousands digit of 17095869?
5
What is the thousands digit of 2867749332?
9
What is the millions digit of 20183559?
0
What is the hundred thousands digit of 286238546?
2
What is the units digit of 76013420?
0
What is the millions digit of 511664426?
1
What is the ten millions digit of 51331348?
5
What is the thousands digit of 46179697?
9
What is the hundred thousands digit of 65777168?
7
What is the tens digit of 726540648?
4
What is the hundred thousands digit of 170344918?
3
What is the ten thousands digit of 332223595?
2
What is the hundred millions digit of 3275661843?
2
What is the units digit of 16369222?
2
What is the hundred thousands digit of 1676913929?
9
What is the tens digit of 2163470?
7
What is the millions digit of 2221076033?
1
What is the thousands digit of 67053146?
3
What is the hundred thousands digit of 175489571?
4
What is the tens digit of 2992655605?
0
What is the ten thousands digit of 545276366?
7
What is the ten millions digit of 801814858?
0
What is the hundred millions digit of 282737877?
2
What is the tens digit of 2093196840?
4
What is the thousands digit of 218851211?
1
What is the thousands digit of 881421463?
1
What is the hundred millions digit of 713560275?
7
What is the ten millions digit of 93998529?
9
What is the thousands digit of 117784606?
4
What is the hundreds digit of 164155766?
7
What is the units digit of 1623365881?
1
What is the tens digit of 10398829?
2
What is the thousands digit of 36593986?
3
What is the thousands digit of 10772423?
2
What is the ten millions digit of 62426325?
6
What is the units digit of 1888117880?
0
What is the hundred millions digit of 133179900?
1
What is the hundred thousands digit of 1894710984?
7
What is the units digit of 41439628?
8
What is the hundred thousands digit of 1401251669?
2
What is the ten millions digit of 2692401168?
9
What is the millions digit of 195311406?
5
What is the thousands digit of 64060867?
0
What is the ten millions digit of 51031373?
5
What is the thousands digit of 83922398?
2
What is the units digit of 206245625?
5
What is the hundred millions digit of 360599114?
3
What is the units digit of 27536801?
1
What is the tens digit of 563082863?
6
What is the hundred thousands digit of 225683373?
6
What is the hundreds digit of 683633057?
0
What is the ten thousands digit of 397137042?
3
What is the hundred thousands digit of 71625120?
6
What is the ten millions digit of 1221576185?
2
What is the hundreds digit of 5421057211?
2
What is the units digit of 12352043?
3
What is the hundred thousands digit of 79360788?
3
What is the hundred millions digit of 771853573?
7
What is the hundreds digit of 54660222?
2
What is the thousands digit of 55404943?
4
What is the hundreds digit of 239648472?
4
What is the millions digit of 45634882?
5
What is the hundred millions digit of 1815343818?
8
What is the hundreds digit of 232977656?
6
What is the millions digit of 1201252377?
1
What is the thousands digit of 77367195?
7
What is the ten millions digit of 54225473?
5
What is the ten millions digit of 37670366?
3
What is the ten thousands digit of 60364631?
6
What is the ten thousands digit of 62588589?
8
What is the millions digit of 1226298440?
6
What is the hundred thousands digit of 172749268?
7
What is the billions digit of 3355248246?
3
What is the hundred thousands digit of 16978384?
9
What is the tens digit of 27976687?
8
What is the hundred millions digit of 4127414025?
1
What is the ten thousands digit of 2586199586?
9
What is the ten thousands digit of 2038966970?
6
What is the units digit of 307236407?
7
What is the hundred thousands digit of 263584604?
5
What is the hundred thousands digit of 2661609235?
6
What is the millions digit of 691904957?
1
What is the hundred thousands digit of 60314016?
3
What is the thousands digit of 8112937050?
7
What is the ten thousands digit of 3896401447?
0
What is the tens digit of 553381305?
0
What is the millions digit of 1232944528?
2
What is the hundred millions digit of 1034036267?
0
What is the tens digit of 1894122093?
9
What is the ten millions digit of 226140727?
2
What is the units digit of 345421907?
7
What is the ten thousands digit of 31087675?
8
What is the ten thousands digit of 3754684029?
8
What is the ten thousands digit of 6716601?
1
What is the ten thousands digit of 1317122?
1
What is the hundred thousands digit of 184101830?
1
What is the thousands digit of 8361930?
1
What is the ten millions digit of 80108515?
8
What is the hundred thousands digit of 195269592?
2
What is the ten millions digit of 232910977?
3
What is the units digit of 1037081883?
3
What is the thousands digit of 16414621?
4
What is the units digit of 216025553?
3
What is the hundred thousands digit of 10783366?
7
What is the thousands digit of 103632251?
2
What is the hundreds digit of 138987750?
7
What is the thousands digit of 64594220?
4
What is the hundreds digit of 1007239690?
6
What is the ten millions digit of 3141206842?
4
What is the units digit of 3650745?
5
What is the tens digit of 482146420?
2
What is the millions digit of 3268623188?
8
What is the hundreds digit of 333561886?
8
What is the tens digit of 361695607?
0
What is the hundreds digit of 6894114491?
4
What is the ten millions digit of 26919396?
2
What is the hundred thousands digit of 90972086?
9
What is the hundred thousands digit of 3285278460?
2
What is the units digit of 113633206?
6
What is the ten millions digit of 39612694?
3
What is the thousands digit of 67150490?
0
What is the thousands digit of 7244384?
4
What is the hundred millions digit of 538114210?
5
What is the ten millions digit of 32446758?
3
What is the hundreds digit of 73022992?
9
What is the thousands digit of 52691450?
1
What is the units digit of 645238385?
5
What is the hundred thousands digit of 33188285?
1
What is the units digit of 601100006?
6
What is the hundred thousands digit of 3092669416?
6
What is the tens digit of 3786738390?
9
What is the millions digit of 206561285?
6
What is the hundred thousands digit of 1542891852?
8
What is the tens digit of 2943829966?
6
What is the ten millions digit of 148095178?
4
What is the tens digit of 48916016?
1
What is the tens digit of 84146406?
0
What is the ten thousands digit of 46